t the prime factors of (-1)/l*-18*2.
3
Let s(l) = l**3 + 26*l**2 + 40*l - 21. List the prime factors of s(-24).
3, 19
Let w be (-2)/6 - (-20)/6. Let v be (6/(-4))/(w/8). List the prime factors of 3 + 4/(v/(-13)).
2
Suppose 91 = 2*p + 5*l, -3*p + 112 = 4*l - 21. Let r = p + -18. What are the prime factors of r?
5
Suppose -3*a + 6*a - 126 = 3*b, 0 = -2*a + 5*b + 96. List the prime factors of a.
2, 19
Let n = -16 - -19. List the prime factors of n.
3
Let s be (2 - 0 - 4) + 2. Let f = 8 + s. Let c = f - 4. List the prime factors of c.
2
Suppose -159 = -4*h + h. What are the prime factors of h?
53
Let q(m) = -3*m - 5*m**2 + 2*m + 13*m**2 - 1. Let c be q(-1). Let x = 13 - c. List the prime factors of x.
5
List the prime factors of (-3)/(60/(-32))*40.
2
Let b(n) = -n**3 + 5*n**2 - 3*n + 6. List the prime factors of b(3).
3, 5
Suppose 3*h + w = 159, 0 = -3*h + 5*w - 10*w + 159. List the prime factors of h.
53
Let w(j) = 8*j + 2. Let c be w(-3). List the prime factors of 6/4*c/(-3).
11
Let c(n) = 10 - 3 + 3*n + n**2 - 2 + n. What are the prime factors of c(-3)?
2
Let g(r) = -2*r - 4. Let c be g(-3). Suppose -c*i - i + 15 = 0. Suppose 46 = i*p + l - 18, -40 = -3*p + l. List the prime factors of p.
13
Suppose 5*s - 35 + 10 = 0. Suppose 0 = -3*v - s*n + 44, 2*n - 12 = -v + n. What are the prime factors of v?
2
What are the prime factors of 14/(-1 + 8/7)?
2, 7
Suppose 3*a - 71 = -z, a + 47 = z - 4*a. List the prime factors of z.
2, 31
Let o(c) = 2*c - 3. Let q be o(4). Let v = 7 - q. Suppose m + 4*g - 27 = 0, 3*m - v*g = 13 - 2. List the prime factors of m.
7
Let k(m) = -m**3 - 5*m**2 - 5*m + 4. List the prime factors of k(-5).
29
Suppose 37 = -f - 4*c, -4*f - c + 0*c = 73. Let t = f - -53. List the prime factors of t.
2, 3
Suppose -84 = 11*x - 12*x. List the prime factors of x.
2, 3, 7
Suppose 15*y = 17*y - 70. What are the prime factors of y?
5, 7
Let n = 5 + -3. Suppose n = 5*r - 3. Suppose 13 = 3*z + r. List the prime factors of z.
2
Suppose 0 = g + 3*b, -g + 4*b = 3*g + 32. Let n = g - -8. List the prime factors of n.
2
Suppose 5*p - 7 = 88. What are the prime factors of p?
19
Let w(h) = 10*h. What are the prime factors of w(2)?
2, 5
Let x(n) = n**2 - 3*n. Let j be x(3). Suppose j*r + 15 = r. What are the prime factors of r?
3, 5
Let l = -2 + 3. List the prime factors of -3 - 21*(0 - l).
2, 3
List the prime factors of ((-1112)/40)/(1/(-5)).
139
Suppose 10 = x + 4*f, f + f + 20 = 2*x. List the prime factors of x.
2, 5
List the prime factors of -24*-1*(3 - 1).
2, 3
Let z(l) = -l**3 - 2*l**2 + l - 1. Let r be z(-3). Suppose 1 + r = 2*u. List the prime factors of 1 - (0/u + -1).
2
Let f(b) = b**2 + b - 1. What are the prime factors of f(2)?
5
Suppose -3*k + 4 = -2*w, -4*w - 1 - 7 = 0. Suppose -4*a + 3*h + 41 = 0, k*h + 3*h = 3*a - 27. List the prime factors of a.
2, 7
Let a(r) = r**3 + 3*r**2 + 3*r. Let y be a(-2). What are the prime factors of -2*(-3 - (-3)/y)?
3
Let j = -3 - -3. Suppose j = w + w - 24. What are the prime factors of w?
2, 3
Let f be (-139)/(-4) - (-1)/4. Suppose -2*c = -4*d, -2*d + f + 25 = 5*c. List the prime factors of c.
2, 5
Suppose 0 = -x + 3, -2*z + 3*z = -5*x + 54. List the prime factors of z.
3, 13
Let c = -55 - -83. Suppose -4*f - 2*w = f - c, 2*f + w = 12. List the prime factors of f.
2
Let d(z) = -z + 6. Let r be d(2). List the prime factors of (-5)/(-3)*(r - 1).
5
Suppose 4*a - g = 75, 0 = 5*a + g - 107 + 2. What are the prime factors of a?
2, 5
Suppose -12 = 3*w, -4*g + 0*w + w + 880 = 0. List the prime factors of g.
3, 73
Suppose -a - p = 3*a - 128, -a - 5*p = -51. Suppose -3*x + a = 2*t, t = -2*x - 3*x + 54. Suppose -5*m - 2*r + 5 = -17, 3*m - r = x. List the prime factors of m.
2
Let p(n) = -11*n - 6. List the prime factors of p(-5).
7
Suppose -5*f + 4 = 3*c - 2*c, 3*f - 5*c = -20. Suppose f = 4*y - 190 + 58. List the prime factors of y.
3, 11
Suppose 0 = 2*g + 142 - 336. List the prime factors of g.
97
Let p be ((-3)/(-9))/(1/(-3)). Let o be (8/6)/(p/(-15)). Suppose 4*d - 5*k = 80, 2*k = -3*k - o. What are the prime factors of d?
3, 5
Suppose -3*g = -0 + 6. Let d = g - -1. What are the prime factors of (0 + d)/(1/(-7))?
7
Let f(r) = 7*r - 4. Let o(l) = 7*l - 3. Let c(q) = -4*f(q) + 5*o(q). Let z(h) = -h. Let k be z(-1). List the prime factors of c(k).
2
Suppose -9 = -2*b + 5*b. Let p be (0/1)/(5 + b). Suppose -c = 1, s + 2*s + 3*c - 18 = p. What are the prime factors of s?
7
Let m = 7 - 7. List the prime factors of (3 - -24) + m + 0.
3
Let k = 563 + -286. List the prime factors of k.
277
Suppose 0 = 27*s - 25*s - 320. List the prime factors of s.
2, 5
Let n = -29 + 15. Suppose -4*x = -5 - 3, -7 = -3*f - 5*x. Let r = f - n. List the prime factors of r.
13
Let t(h) = h**2 - 3*h. Let b be t(4). Let m = 10 + -12. Let o = m + b. List the prime factors of o.
2
Suppose 2*d + 6 = -r - 7, 5*d = r + 20. What are the prime factors of (-50)/3*18/r?
2, 5
Let p be 74/((-30)/(-8) - 4). What are the prime factors of (p/16)/(1/(-2))?
37
List the prime factors of (-44*(-6)/36)/(2/21).
7, 11
Let l(t) = -t**3 - 6*t**2 - 4*t - 3. List the prime factors of l(-6).
3, 7
Suppose 598 - 2666 = -22*i. What are the prime factors of i?
2, 47
Suppose -2*d = d + 12. Let v = d - -14. List the prime factors of v.
2, 5
Let v = 159 + -99. List the prime factors of v.
2, 3, 5
Let o(c) = -c**2 + 8*c - 3. Let b be o(7). Suppose -b = -0*k - k. What are the prime factors of k?
2
Let v(p) = -p**2 - 5*p - 1. Let c be v(-2). Suppose -c*m + 102 = -2*z - z, -4*m - z + 85 = 0. What are the prime factors of m?
3, 7
Suppose -2*i + 7*i = -4*j - 40, 0 = 3*i - 5*j + 61. Let o = i - -29. Let x = o - -3. List the prime factors of x.
2, 5
Suppose 0*p - 4*p + 10 = -2*l, 15 = -5*p. Let n = 22 + l. What are the prime factors of n?
11
Suppose 0 = -6*n + 2*n + 8. Suppose 5*a + 2*k - 23 = 0, 3*k - 22 = -n*a - k. List the prime factors of ((-6)/7)/(a/(-63)).
2, 3
Suppose -608 = -6*d - 2*d. What are the prime factors of d?
2, 19
Suppose 0 = r + 5*a - 43, 3*r + 2*r + 3*a = 237. Let k = -75 + r. What are the prime factors of ((-8)/(-6))/((-2)/k)?
2, 3
Suppose 0 = -3*j - 2*j + 125. What are the prime factors of j?
5
Suppose 2*b - 2*t = 12, -2*t - 2 = -b + 8. Suppose -5*p - 4*w + 42 = -0*w, -3*p = -b*w - 12. List the prime factors of p.
2, 3
Let j(x) = x + 3. Let b be j(0). Suppose 8 = -4*u, 2*g - 3*u - 41 = -b*g. List the prime factors of g.
7
Let t be (6 - -2)*1/2. Suppose 4*s - 26 = -2*w, -2*s = t*w - 18 - 10. Suppose -w*o + 32 = -o. List the prime factors of o.
2
Let d = -32 + 38. List the prime factors of d.
2, 3
Suppose -h - h + 2 = 0, -2*h = -3*i + 457. List the prime factors of i.
3, 17
Let h(y) = 3*y - 3. Let t = -30 - -44. Suppose -a - f - 1 = 0, 0 - t = -a + 2*f. What are the prime factors of h(a)?
3
Let k(u) = -u**2 + 5. Let b(n) = -n**2 - 1. Let o be b(1). Let i be (-4)/(-2) + 0 + o. List the prime factors of k(i).
5
Let a(x) = 10*x**2 - 2*x - 1. Let b be a(-2). Suppose -2*h = -o - 7*h + 39, 2*o + 3*h - b = 0. What are the prime factors of o?
2, 7
Let h(o) be the first derivative of -o**2/2 + 5*o - 6. List the prime factors of h(2).
3
Suppose -2*c = 3*o - 8, -6*o + 4*o + 8 = 4*c. Suppose 0 = o*s - s - 4*u - 14, 3*u + 51 = 3*s. What are the prime factors of s?
2, 3
Suppose 2 + 26 = 4*h. Suppose -h*d = -2*d - 20. Suppose 0 = -d*o + 5*x + 30, 3*o + 0*x = 5*x + 20. List the prime factors of o.
2, 5
Suppose 7 + 9 = 4*r - 4*i, -32 = -2*r - 4*i. Let y = r - 6. List the prime factors of (-6)/(0/(-1) - y).
3
Let g be 5*8/20 - 23. Let i = g - -35. List the prime factors of i.
2, 7
Let l be 0 - (2 + -2)/(-1). Let a(s) = -s + 4. Let t be a(l). Suppose 7 + 5 = t*x. What are the prime factors of x?
3
What are the prime factors of (-35)/14*(-44)/5?
2, 11
Let u(q) = 7*q**2 + 16*q + 2. What are the prime factors of u(-5)?
97
Suppose -5*u + 6*c + 720 = c, 0 = -5*u - c + 702. List the prime factors of u.
3, 47
Suppose -3*f + 100 = c, -f + 2*c + 0*c + 45 = 0. What are the prime factors of f?
5, 7
Suppose 5*a + 10 = 10*a. Suppose 98 = 5*w + 2*u, 10*u + 45 = a*w + 5*u. What are the prime factors of w?
2, 5
Suppose g - 3*n - 128 = 0, 2*g + 6*n = n + 267. What are the prime factors of g?
131
Let f(b) = 3 - 3 + 3 + 9*b + 3 - b**2. Let q be f(9). Suppose 48 = 4*v - 3*c, v - 3*c - q = -3. List t